{"id":852,"date":"2015-10-16T22:30:35","date_gmt":"2015-10-16T20:30:35","guid":{"rendered":"http:\/\/www.hunde-verstaendnis.de\/?page_id=852"},"modified":"2021-11-12T12:42:50","modified_gmt":"2021-11-12T10:42:50","slug":"workshop-wasser-freischwimmer","status":"publish","type":"page","link":"http:\/\/www.hunde-verstaendnis.de\/?page_id=852","title":{"rendered":"Workshop Wasser &#8222;Freischwimmer&#8220;"},"content":{"rendered":"<p>Unsere Jagdhunde sind wichtige und unentbehrliche Helfer bei der Jagd auf Wasserwild. Um tierschutzgerecht jagen zu k\u00f6nnen, m\u00fcssen unsere Hunde die Nachsuche auf Wasserwild beherrschen. Diese F\u00e4higkeit wird auf den Pr\u00fcfungen u.a. mit den F\u00e4chern Schussfestigkeit am Wasser und bringen der toten Ente aus dem Schilf abverlangt und \u00fcberpr\u00fcft.<\/p>\n<p>An unserem Workshop Tag wollen wir uns intensiv mit der Einarbeitung der Hunde am Wasser auseinandersetzen.<\/p>\n<p>Fragen wie z.B.:<\/p>\n<ul>\n<li>worauf muss ich beim Schuss auf das Wasser achten?<\/li>\n<li>wie setze ich meinen Hund am Wasser richtig an?<\/li>\n<li>Wie kann ich meinen Hund bei der Wasserarbeit unterst\u00fctzen und dirigieren?<\/li>\n<li>Wie schaffe ich es, dass mein Hund das Wild zuverl\u00e4ssig bringt und sich setzt bevor er sich sch\u00fcttelt?<\/li>\n<\/ul>\n<p><!--more--><\/p>\n<p>werden beantwortet und gleich an der Umsetzung gearbeitet.<\/p>\n<p><strong>Voraussetzung : <\/strong><\/p>\n<ul>\n<li>der Hund apportiert Enten sicher im Feld<\/li>\n<li>der Hund ist Schussfest im Feld<\/li>\n<li>der Hund kann schwimmen<\/li>\n<\/ul>\n<p><strong>Termin:<\/strong><\/p>\n<p><strong>Teilnehmerzahl: maximal<\/strong> 10 Gespanne<\/p>\n<p><strong>Kosten: <\/strong>95,- \u20ac<\/p>\n<p><strong>mitzubringen sind:<\/strong><\/p>\n<ul>\n<li>Hundepfeife<\/li>\n<li>Enten<\/li>\n<li>Flinte und Schrotpatronen<strong><br \/>\n<\/strong><\/li>\n<\/ul>\n<p><strong>Der Hund hat w\u00e4hrend des Workshops <em>grunds\u00e4tzlich<\/em> eine Warnhalsung mit Telefonnummer zu tragen. Geschossen wird am Wasser <em>ausschlie\u00dflich<\/em> mit Stahlschrot.<\/strong><\/p>\n","protected":false},"excerpt":{"rendered":"<p>Unsere Jagdhunde sind wichtige und unentbehrliche Helfer bei der Jagd auf Wasserwild. Um tierschutzgerecht jagen zu k\u00f6nnen, m\u00fcssen unsere Hunde die Nachsuche auf Wasserwild beherrschen. Diese F\u00e4higkeit wird auf den Pr\u00fcfungen u.a. mit den F\u00e4chern Schussfestigkeit am Wasser und bringen der toten Ente aus dem Schilf abverlangt und \u00fcberpr\u00fcft. An unserem Workshop Tag wollen wir [&hellip;]<\/p>\n","protected":false},"author":1,"featured_media":0,"parent":0,"menu_order":0,"comment_status":"closed","ping_status":"closed","template":"","meta":{"footnotes":""},"class_list":["post-852","page","type-page","status-publish","hentry"],"_links":{"self":[{"href":"http:\/\/www.hunde-verstaendnis.de\/index.php?rest_route=\/wp\/v2\/pages\/852","targetHints":{"allow":["GET"]}}],"collection":[{"href":"http:\/\/www.hunde-verstaendnis.de\/index.php?rest_route=\/wp\/v2\/pages"}],"about":[{"href":"http:\/\/www.hunde-verstaendnis.de\/index.php?rest_route=\/wp\/v2\/types\/page"}],"author":[{"embeddable":true,"href":"http:\/\/www.hunde-verstaendnis.de\/index.php?rest_route=\/wp\/v2\/users\/1"}],"replies":[{"embeddable":true,"href":"http:\/\/www.hunde-verstaendnis.de\/index.php?rest_route=%2Fwp%2Fv2%2Fcomments&post=852"}],"version-history":[{"count":7,"href":"http:\/\/www.hunde-verstaendnis.de\/index.php?rest_route=\/wp\/v2\/pages\/852\/revisions"}],"predecessor-version":[{"id":1138,"href":"http:\/\/www.hunde-verstaendnis.de\/index.php?rest_route=\/wp\/v2\/pages\/852\/revisions\/1138"}],"wp:attachment":[{"href":"http:\/\/www.hunde-verstaendnis.de\/index.php?rest_route=%2Fwp%2Fv2%2Fmedia&parent=852"}],"curies":[{"name":"wp","href":"https:\/\/api.w.org\/{rel}","templated":true}]}}